is the tens digit of s?
0
Suppose n + 4*q = 272 - 25, -2*q = n - 247. What is the units digit of n?
7
Let w(v) = -31*v**2 + 2*v + 3. Let l be w(-4). Let q = 737 + l. What is the tens digit of q?
3
Let b(q) = q - 238. Let y be b(0). Let j = -164 - y. Let u = -42 + j. What is the units digit of u?
2
Let g(b) = 6*b**3 + b**2 + 2*b + 4. Let f be g(-2). What is the tens digit of (1158/f + (-6)/33)*-4?
0
Let k(q) = 9*q - 26. Suppose -89 = -z - 3*z - 5*s, 2*z = s + 27. Let c be k(z). Suppose r + c = 3*m, -2*r = -m - 4*m + 196. What is the tens digit of m?
4
Suppose 1192*v = 1191*v + 4447. What is the thousands digit of v?
4
Let b be (5*-5)/((-2)/(-4 - -6)). Let j = -10 + b. What is the units digit of j?
5
Suppose -s + 73 = -t, -4*s + 5*t + 240 = -48. What is the units digit of s?
7
Let b = 1941 + -727. What is the thousands digit of b?
1
What is the hundreds digit of 72/(-126) - -1*27374/7?
9
What is the units digit of (157 - 152)*4/10*583?
6
Suppose 3*l + 4*a = 1535 + 282, -5*l - 5*a + 3020 = 0. What is the tens digit of l?
9
Suppose -1027 = -2*n + n. What is the tens digit of n?
2
Let u(l) = -2030*l + 4. Let p be u(2). What is the hundreds digit of 5 + p/(-30) - 2/10?
1
Let p(r) be the second derivative of r**5/20 - 5*r**4/12 + 3*r**3 - 8*r. Let d be p(8). Suppose -61 = 5*t - d. What is the units digit of t?
5
Let y(f) be the third derivative of f**5/30 + f**4/2 + 2*f**3/3 + 7*f**2. Let t be y(-6). Suppose 1 = -5*p - t, -60 = -3*k - 3*p. What is the units digit of k?
1
Suppose 4*l - 125 = 35. Suppose -2*s + 7*s = -l. Let p = s - -34. What is the units digit of p?
6
Suppose 1 = -4*l - 0*l + 5*d, 3*l - 3 = 3*d. Suppose -5*o = l - 41. Let h = o - 2. What is the units digit of h?
5
Suppose 4*f = -3*s + 89, -6*s + s + 27 = 2*f. Let q be 6/39 - 4/f. Suppose q = r + r - 74. What is the tens digit of r?
3
Let v(y) = 30 - 27*y + 18*y**2 + 62*y**3 + 29*y**2 - 60*y**3. What is the units digit of v(-24)?
2
Let j(g) = g**3 - 9*g**2 + 3*g - 8. Let u be -2*(5/(-10) + -4). What is the units digit of j(u)?
9
Suppose 2*k - 9946 = 4*m, -5*k - m + 25054 = 167. What is the hundreds digit of k?
9
Suppose 4*a - 135 + 10 = -p, 4*a - 126 = -2*p. Let h = 49 - a. What is the units digit of h?
8
Suppose -1432 = -0*p - 2*p. Let l = p + -411. Suppose 4*v - l = -v. What is the tens digit of v?
6
Let r = 1057 + -369. What is the units digit of r?
8
Let c = 10 + -7. Suppose 5*z - 2*m - 35 = -3*m, 4*z + c*m = 39. Suppose -2*u = f - 15, 2*f - u - 25 = -z*u. What is the units digit of f?
5
Let h(p) be the third derivative of p**4/12 + p**3/2 - 2*p**2. Let c be h(-2). Let u = c + 3. What is the units digit of u?
2
Suppose 20 = -2*w + 4*s, 0*w - 3*w - 30 = 4*s. Let n = 95 - w. What is the units digit of n?
5
Suppose -2*j + 5*m + 4 + 354 = 0, 3*j - 3*m = 528. Suppose 0 = 3*t - 5*t + j. What is the tens digit of t?
8
Let s = 86 + -70. Suppose 19*n = s*n + 651. What is the units digit of n?
7
Let d = -4858 - -8174. What is the hundreds digit of d?
3
Let r(m) = -m**2 - 9*m - 6. Let l be r(-9). Let f(p) = -p**3 - 4*p**2 + 9*p + 5. Let z be f(l). Suppose -3*t = -z - 1. What is the units digit of t?
8
What is the hundreds digit of (2058/126)/((2/33)/2)?
5
Let a(w) = -w**3 - 3*w**2 - 4. Let u(t) = 2*t. Let q(j) = 3*j + 1. Let k(l) = 3*q(l) - 4*u(l). Let p be k(-7). What is the units digit of a(p)?
2
Suppose 7 - 9 = -y. Suppose 4*s - 4*j = 68, -5*s - y*j + 125 = 5. Suppose a - s + 14 = 0. What is the units digit of a?
8
Let t(g) = -g + 0*g + 0*g - 61*g**3. What is the units digit of t(-1)?
2
Let h(d) = -3 + 127*d + 2 + 31*d + 3. Let o be h(1). Suppose 4*m = -0*m + o. What is the tens digit of m?
4
Let j(t) = 5*t**3 + 2*t**2 + 3*t + 8. Let b(u) = u**3 + u + 1. Let a(v) = 14*b(v) - 2*j(v). What is the units digit of a(3)?
4
Let l(j) be the second derivative of -13*j**3/3 + 4*j**2 - 19*j. What is the tens digit of l(-5)?
3
Suppose -13 = -b - 2*l + 4, b + 4*l - 7 = 0. What is the tens digit of 376/9 + (6/b - 0)?
4
Suppose 5*i - 2*b - 2336 = -b, 1404 = 3*i - 3*b. What is the hundreds digit of i?
4
Let x be (-3)/2 + (-513)/(-38). Suppose -7*i + i = -x. Suppose -i*g - 12 = -36. What is the tens digit of g?
1
Let v = 875 + -431. What is the units digit of v?
4
Suppose 455 = 2*p - 5*r, r = -5*p + 2*p + 674. Suppose 5*h - p = 380. What is the tens digit of h?
2
Let f(r) = r**3 - 15*r**2 + 14*r + 6. Let z be f(14). Suppose 0 = -z*p - 28 - 8. What is the tens digit of (-2)/(-6)*(p - -93)?
2
Suppose 0 = 2*i, -2*o + 0 + 4 = i. Suppose 0 = -o*k - 2*k + 144. What is the tens digit of k?
3
Let h(l) = -l**2 + 11*l - 1. Let k be h(9). Let o = k + -5. Let w = o + 31. What is the units digit of w?
3
What is the tens digit of ((-150)/(-10) - -1045) + (1 - -3)?
6
Let a(d) = 2*d + 15. Let l be a(-6). What is the tens digit of (-9)/(-6)*(-4)/l + 71?
6
Let u(d) be the third derivative of -d**5/12 - 5*d**4/24 - 2*d**3/3 + 9*d**2. Let h be u(-2). What is the units digit of 20/35 + (-608)/h?
4
Suppose -10*q + 12*q = 0. Suppose -4*d + q*d + 116 = 0. Let b = 78 - d. What is the units digit of b?
9
Let p = 19 + -7. Let v(w) = -w + 1. Let x(y) = -6*y + 7. Let q(h) = p*v(h) - 3*x(h). What is the units digit of q(8)?
9
Let m(g) = 21*g**2 + g - 1. Let s be m(1). Let w be -14 - (0 + 4 - 1). Let u = w + s. What is the units digit of u?
4
Suppose 4*c = -8 - 0. Let o be (-9)/(18/(-20))*c. Let m = o - -21. What is the units digit of m?
1
Suppose -306 = -t - 4*u, 4*t + 4*u - 1041 = 219. What is the hundreds digit of t?
3
What is the units digit of (-2780)/(-18) - 116/261?
4
Suppose -2*l = -59*l + 101289. What is the hundreds digit of l?
7
Suppose 181 = -12*a + 3121. Suppose -14*c + 1155 = a. What is the units digit of c?
5
Suppose -90*j + 25*j = -241670. What is the thousands digit of j?
3
Let l = -61 + 115. Suppose g + g - l = 0. Let r = g + 9. What is the units digit of r?
6
Suppose 0 = -13*s - 14*s + 11934. What is the hundreds digit of s?
4
Let n(f) = f. Let t be n(-6). Let h(m) = m**3 + 6*m**2 - m + 1. Let s be h(t). Suppose s*o - o = 72. What is the units digit of o?
2
Let z(w) = 35*w - 15. Let d(u) = 18*u - 7. Let y(h) = 5*d(h) - 2*z(h). Let g be y(2). Let b = g + -20. What is the tens digit of b?
1
What is the units digit of (-2296)/6*(-15)/10?
4
Suppose 6*y - 322 = 302. What is the tens digit of y?
0
Let s(x) = 2*x + 15. Let v be s(-6). Let i = 33 + v. What is the units digit of i?
6
Let h(g) = -7*g**2 + 2*g + 1. Let d be h(-1). Let l(b) = -4*b + 1. What is the units digit of l(d)?
3
Let u = 121 - 118. Suppose -5*d - 15 = 0, 0*h - 569 = -2*h + u*d. What is the tens digit of h?
8
Let g(u) = -25*u - 6. Let b be g(-2). Suppose w = -b - 43. What is the tens digit of w/(-9) + (-3)/(-9)?
1
Suppose -a - 49 = 2*j, -j + 0*a - 5*a - 29 = 0. Let r = 139 + j. Suppose i = -4*i + r. What is the tens digit of i?
2
Let b = -20 + 5. Let i(y) = -y**3 - 16*y**2 - 19*y - 13. What is the units digit of i(b)?
7
Suppose -279*s = -284*s + 770. What is the hundreds digit of s?
1
Suppose 0 = 3*d - 7*d + 1704. What is the hundreds digit of d?
4
Suppose -3*c + 61 = -101. Suppose -c = -d - 10. What is the tens digit of d?
4
Let g(p) be the second derivative of -41*p**3/6 + 3*p**2/2 - 8*p. Let j be g(-2). Suppose -2*q + 61 = -3*o, 0*o = -3*q - 2*o + j. What is the tens digit of q?
2
Suppose -5*t + 3*x = -7290, 0*t + 5*x = t - 1436. What is the units digit of t?
1
Let t be 2 - 3/6*-4. Let o = t - -2. Suppose 5*i = -2*g - 21, o*g - 5 = g - i. What is the units digit of g?
2
Let s be 67*3 + (-12)/(18/(-3)). Suppose -b = s - 361. What is the hundreds digit of b?
1
What is the tens digit of 8/(-24)*3*(-686 + -2)?
8
Suppose 4*w + 12 = 0, 4*l - 5*w - 9429 - 3202 = 0. What is the hundreds digit of l?
1
Suppose -18*y + 5605 = -16*y + 5*h, 12 = 4*h. What is the units digit of y?
5
Suppose -a = 3*l - 2013, -2*l - 6*a + 1353 = -9*a. What is the hundreds digit of l?
6
Let g(u) = -u**3 + u - 14. Let i be g(0). Let k = i - -40. What is the units digit of k?
6
Let l be (12 + -13)/((-2)/(-158)). Let y = l + 131. What is the tens digit of y?
5
Suppose -n = 0, n + 2*n = a - 664. Suppose k = 4*o - 6*o + 318, -4*o + 5*k = -a. What is the hundreds digit of o?
1
Suppose 0 = 7*f - 20 - 8. Suppose 0*z + 3*z = -3*n + 819, 0 = z - f*n - 258. What is the units digit of z?
0
Supp